. Give k(-42).
13
Let x(b) = 4*b**3. What is x(-2)?
-32
Let z(c) = c**2 + 88*c + 177. Determine z(-2).
5
Let h(t) = -3*t**2 + 20*t - 14. Give h(6).
-2
Let d(v) = -v**3 - 123*v**2 - 838*v - 3017. Give d(-116).
-1
Let l(x) = -x**2 - 11*x + 841. Determine l(-37).
-121
Let b(h) = h**2 + 237*h - 474. What is b(2)?
4
Let c(x) = -2*x**2 + 15*x + 1. Determine c(3).
28
Let t(o) = -o**2 - 209*o + 2437. Determine t(11).
17
Let t(j) = -26*j**2 - 22*j - 17. What is t(-4)?
-345
Let b(o) = o**2 - 36*o + 124. What is b(32)?
-4
Let k(x) = -20*x + 1509. Determine k(75).
9
Let r(d) = 80*d - 458. Give r(4).
-138
Let u(i) = -i**2 + 9*i + 173. Give u(11).
151
Let t(f) = 8*f**2 + 262*f + 123. Calculate t(-32).
-69
Let o(s) = 1004*s + 26110. What is o(-26)?
6
Let q(h) = 368*h - 8548. Determine q(24).
284
Let z(i) = -53*i**3 - 4*i**2 + 2. Calculate z(-1).
51
Let a(w) = -9*w**3 + 548*w**2 + 61*w - 2. Calculate a(61).
-2
Let u(t) = -2*t**3 + 9*t**2 - t - 36. Give u(5).
-66
Let c(b) = 29*b + 3267. Give c(-113).
-10
Let r(y) = 33*y - 711. Give r(20).
-51
Let g(u) = 575*u - 5163. Give g(9).
12
Let h(z) = z**3 - 83*z**2 + 101. Determine h(83).
101
Let m(y) = -503*y + 5534. What is m(11)?
1
Let w(q) = -q**3 - 16*q**2 + 83*q + 843. Determine w(-18).
-3
Let o(j) = -338*j - 357. Give o(-1).
-19
Let t(f) = -2*f**3 - 43*f**2 + 72*f + 77. Determine t(-23).
8
Let v(o) = o**3 + 9*o**2 + 15*o + 4. Calculate v(-6).
22
Let b(g) = g**3 - 109*g**2 - 224*g + 225. What is b(111)?
3
Let d(y) = 2*y**3 + 125*y**2 + 62*y - 4. What is d(-62)?
-4
Let i(y) = -y**2 + 34*y + 602. What is i(-13)?
-9
Let n(p) = -2*p**2 - 99*p - 349. Determine n(-41).
348
Let s(l) = 19*l**2 + 91*l + 282. Determine s(-3).
180
Let y(g) = -g**3 + 18*g**2 + 32*g + 177. Determine y(20).
17
Let v(r) = 7*r**2 + 262*r + 263. Give v(-40).
983
Let a(t) = -36*t + 543. Give a(15).
3
Let i(c) = -c**3 - 7*c**2 + 60*c. Determine i(5).
0
Let b(n) = -5*n + 81. Give b(-11).
136
Let d(i) = 2*i**3 - 97*i**2 + 48*i - 26. What is d(48)?
-26
Let x(i) = -7087*i + 63778. Give x(9).
-5
Let s(f) = 47*f - 3064. Calculate s(66).
38
Let v(x) = 14*x**2 + 190*x - 75. Give v(-14).
9
Let d(q) = q**3 + 1086*q**2 - 8757*q + 8. Give d(8).
-32
Let i(x) = -x**3 + 20*x**2 + 43*x + 4. Give i(22).
-18
Let t(n) = n**3 - 32*n**2 + 63*n - 57. Calculate t(30).
33
Let j(v) = v**2 + 983*v - 985. What is j(1)?
-1
Let r(z) = -z**2 + 41*z - 75. What is r(35)?
135
Let h(b) = b**3 - 14*b**2 - 58*b + 935. What is h(13)?
12
Let o(n) = -n**3 - 31*n**2 - 32*n - 81. Determine o(-30).
-21
Let f(k) = 2*k + 122. Give f(-16).
90
Let u(m) = -m**2 + 64*m - 1023. Determine u(30).
-3
Let d(r) = -3958*r - 19790. Calculate d(-5).
0
Let k(h) = 10*h**3 + 14*h**2 - 45*h - 6. Give k(3).
255
Let x(v) = -3*v**3 + 35*v**2 + 2*v + 106. Give x(12).
-14
Let g(w) = w**2 - 201*w + 2809. Determine g(15).
19
Let c(d) = 142*d - 248. Give c(3).
178
Let v(w) = 2*w**3 + 7*w**2 + 26*w + 65. What is v(-3)?
-4
Let u(x) = 6435*x - 218784. Give u(34).
6
Let y(r) = -r**3 + 15*r**2 - 3*r - 252. Calculate y(14).
-98
Let o(l) = -385*l - 3076. Calculate o(-8).
4
Let v(s) = -s**2 + 224*s - 9. Give v(0).
-9
Let y(r) = r**3 - 25*r**2 + 76*r - 1895. Determine y(25).
5
Let m(l) = -51*l + 1672. Give m(33).
-11
Let p(y) = -y**3 + 82*y**2 - 379*y + 5253. Calculate p(78).
27
Let c(d) = d**2 - 52*d - 175. Give c(51).
-226
Let p(a) = -10*a**3 - 46*a**2 - 20*a + 5. Calculate p(-6).
629
Let i(y) = -707*y - 664. Determine i(-1).
43
Let b(f) = -f**3 + 5*f**2 - 10*f + 181. Determine b(7).
13
Let v(p) = -402*p + 20092. Calculate v(50).
-8
Let c(r) = r**2 + 316*r - 1280. Determine c(4).
0
Let n(h) = 9*h**2 + 538*h - 39. Give n(-60).
81
Let p(t) = 2*t**3 - 11*t**2 - 4*t + 41. What is p(4)?
-23
Let w(j) = -15*j**2 + 1356*j + 820. Calculate w(91).
1
Let s(g) = 251*g + 259. What is s(-2)?
-243
Let b(c) = c**3 - 12*c**2 - 5*c + 77. Determine b(12).
17
Let x(f) = 705*f + 1405. Give x(-2).
-5
Let i(c) = -c**2 + 86*c - 754. Determine i(10).
6
Let u(l) = -133*l - 1310. Calculate u(-10).
20
Let i(o) = o**3 - 4*o**2 + 3*o + 6. What is i(4)?
18
Let v(i) = -51*i + 146. Calculate v(6).
-160
Let d(v) = 174*v + 17044. Calculate d(-98).
-8
Let q(g) = -g**3 + 18*g**2 - 17*g + 98. Calculate q(18).
-208
Let g(j) = 155*j**2 + 13*j + 14. Give g(-1).
156
Let j(o) = -7*o**2 - 13*o + 101. Determine j(-10).
-469
Let l(x) = 41*x + 165. Calculate l(-4).
1
Let h(o) = o**3 + 97*o**2 - 96*o + 191. Determine h(-98).
-5
Let q(z) = z**3 + 16*z**2 + 104*z + 280. What is q(-7)?
-7
Let d(g) = -g**3 - 38*g**2 + 77*g - 113. Give d(-40).
7
Let q(c) = 2*c**2 + 209*c + 422. Determine q(-2).
12
Let x(n) = 46*n**2 - n - 34. What is x(0)?
-34
Let p(b) = b**2 + 1011*b + 8020. What is p(-8)?
-4
Let r(b) = 2*b**3 + 45*b**2 + 60*b - 26. Give r(-21).
37
Let v(r) = -r**3 + 9*r**2 + 9*r - 9. Determine v(10).
-19
Let a(x) = -6*x**2 + 30*x - 129. Determine a(5).
-129
Let u(q) = q**3 + 48*q**2 + 52*q + 247. What is u(-47)?
12
Let h(y) = y**3 - 18*y**2 + 174*y - 2278. Give h(16).
-6
Let o(z) = -5*z**3 + 3*z**2 + 7*z + 4. What is o(-1)?
5
Let x(v) = -v**2 - 13*v + 344. Calculate x(-26).
6
Let g(h) = h**2 - 144*h + 1588. Give g(12).
4
Let z(r) = r**3 + 9*r**2 - r + 38. Calculate z(0).
38
Let d(h) = h**2 + 14*h - 320. Give d(-23).
-113
Let u(v) = -14*v + 746. Calculate u(53).
4
Let t(w) = w**3 + 55*w**2 + 48*w - 357. Determine t(-54).
-33
Let v(h) = h**3 - 212*h**2 + 1033*h + 56. Give v(5).
46
Let m(b) = -3*b**2 - 17*b + 165. Give m(5).
5
Let x(a) = 14*a**2 - 90*a - 11. Give x(6).
-47
Let f(d) = d**3 + 11*d - 15. Determine f(2).
15
Let p(y) = -2*y**3 - 188*y**2 - 181*y + 340. Determine p(-93).
-125
Let k(f) = f**3 - 17*f**2 + 58*f - 78. Determine k(13).
0
Let f(a) = 13*a**2 - 654*a + 184. Give f(50).
-16
Let q(r) = -749*r + 10480. Determine q(14).
-6
Let y(v) = 17*v**3 - 561*v**2 + 3*v - 91. Determine y(33).
8
Let g(h) = -h**3 + 36*h**2 - 69*h - 4. Determine g(34).
-38
Let z(h) = -h**2 - 36*h + 63. Give z(6).
-189
Let v(g) = -g**3 - 19*g**2 + 948*g - 752. What is v(-42)?
4
Let p(q) = -q**3 - 81*q**2 - 817*q + 747. Calculate p(-69).
-12
Let n(s) = s**3 - 16*s**2 - 16*s + 173. Calculate n(16).
-83
Let d(l) = 371*l + 3709. What is d(-10)?
-1
Let u(z) = -6*z**2 + 4*z - 1. What is u(3)?
-43
Let n(p) = -4*p**3 + 506*p**2 + 252*p + 266. Determine n(127).
12
Let d(m) = 99*m + 4115. What is d(-41)?
56
Let m(d) = -d**3 - 213*d**2 - 619*d + 2315. Give m(-210).
5
Let m(a) = -a**3 + 18*a**2 + 152*a - 187. Calculate m(24).
5
Let x(z) = -8*z - 8. What is x(0)?
-8
Let k(h) = -32*h + 31. What is k(-2)?
95
Let o(a) = 3*a**3 + 58*a**2 + 15*a - 41. Give o(-19).
35
Let u(k) = 5*k**2 + 18*k + 28. Give u(-2).
12
Let p(y) = y**3 + 22*y**2 - 15*y - 58. Give p(-22).
272
Let t(d) = 555*d - 2745. Calculate t(5).
30
Let o(c) = -2*c**2 - 93*c + 138. Give o(-47).
91
Let w(f) = -3*f**2 + 55*f - 136. Calculate w(16).
-24
Let t(h) = -h**3 - 98*h**2 - 182*h + 1116. Give t(-96).
156
Let k(x) = x**3 + 48*x**2 + 41*x - 270. Calculate k(-47).
12
Let k(l) = -l**2 + 17*l - 13. Determine k(18).
-31
Let x(b) = -b**3 + 131*b**2 - 129*b - 105. What is x(130)?
25
Let y(h) = 10*h**3 + 1629*h**2 - 159*h + 654. Determine y(-163).
2
Let g(m) = 660*m - 27055. Calculate g(41).
5
Let k(v) = -25*v**2 + 401*v + 3. What is k(16)?
19
Let h(g) = g**2 + 641*g + 97466. What is h(-393)?
2
Let p(g) = 13*g**3 + 120*g**2 + 29*g + 155. Calculate p(-9).
137
Let w(k) = -k**2 + 13*k + 1365. Calculate w(44).
1
Let u(s) = 2*s**2 - 37*s - 15. Determine u(26).
375
Let p(s) = -2*s**3 + 14*s**2 + 11*s - 52. Give p(9).
-277
Let d(o) = 29*o**2 + 319*o + 23. What is d(-11)?
23
Let c(l) = 2*l**2 + 708*l + 4867. Give c(-7).
9
Let z(w) = -w**2 + 54*w - 254. Determine z(5).
-9
Let q(v) = v**2 + 61*v - 7448. What is q(61)?
-6
Let c(w) = w**3 - 14*w**2 + 10*w + 17. Give c(15).
392
Let u(r) = -r**3 + 55*r**2 - 515*r - 32. Calculate u(43).
11
Let q(o) = 38*o + 32. What is q(4)?
184
Let r(c) = -c**3 + 32*c**2 + 533*c + 64. Determine r(-12).
4
Let p(j) = 4*j + 57. Give p(1).
61
Let n(d) = -d**3 + 37*d**2 + 32*d + 67. What is n(38)?
-161
Let v(u) = -139*u**2 - 4*u - 2. Determine v(0).
-2
Let c(i) = i**3 + 26*i**2 + 77*i + 28. Give c(-23).
-156
Let b(f) = f**3 + 20*f**2 - 140*f - 371. Calculate b(-25).
4
Let t(f) = 262*f - 31. Determine t(0).
-31
Let m(a) = -262*a + 314